 is q(22)?
28
Let m(v) = -v**2 - 10*v + 10. What is m(-11)?
-1
Let d(l) = -2*l**2 + 11*l - 3. Determine d(9).
-66
Let b(j) = -25*j + 25. What is b(1)?
0
Let i(y) = 2*y**2 - 2*y + 2. Give i(4).
26
Let g(a) = a**3 + 7*a**2 + 8*a. Calculate g(-6).
-12
Let w(f) = 12*f + 88. Calculate w(-7).
4
Let f(g) = 3*g + 43. Calculate f(-12).
7
Let u(y) = y**3 - 11*y**2 + 3*y + 21. Calculate u(10).
-49
Let v(m) = -17*m + 5. Calculate v(2).
-29
Let x(p) = p**3 + 3*p**2 - 7*p - 5. What is x(-5)?
-20
Let c(g) = 4*g - 4. Determine c(4).
12
Let s(l) = -34*l + 13. Calculate s(3).
-89
Let w(o) = -o**2 - o + 14. Determine w(-5).
-6
Let f(a) = 2*a**2 + 11*a - 5. Calculate f(-6).
1
Let a(q) = -q**2 + 40*q - 340. Determine a(12).
-4
Let u(r) = -8*r + 70. Determine u(9).
-2
Let d(n) = n**3 + 19*n**2 - 6*n - 50. Give d(-19).
64
Let d(j) = -2*j - 12. Calculate d(6).
-24
Let i(t) = -t**3 + 9*t**2 + 2*t + 2. What is i(4)?
90
Let d(z) = 2*z**3 - 6*z**2 + z + 5. Give d(4).
41
Let z(h) = 13*h + 176. What is z(-13)?
7
Let j(y) = y**3 - 8*y**2 + 7*y - 3. What is j(7)?
-3
Let a(v) = v**2 - 9*v - 1. Determine a(5).
-21
Let d(k) = -4*k**2 - 7*k - 3. Determine d(-2).
-5
Let s(p) = -p**2 + 32*p - 60. Give s(13).
187
Let w(a) = a**3 - a**2 - 3*a. Give w(-3).
-27
Let r(m) = m**2 - 3*m + 9. Determine r(6).
27
Let s(m) = -6*m - 3. What is s(-3)?
15
Let m(s) = -s**2 + 5*s + 142. What is m(-10)?
-8
Let b(a) = a**2 - a. Determine b(3).
6
Let z(m) = -m**3 - m**2 + 2*m + 9. Calculate z(0).
9
Let a(y) = -6*y - 216. Determine a(-32).
-24
Let w(l) = l**3 + 2*l**2 - 2*l + 5. Determine w(-3).
2
Let r(d) = -48*d**2 + 3*d - 2. Determine r(1).
-47
Let r(s) = s**3 + 25*s**2 - 55*s - 34. Give r(-27).
-7
Let o(w) = -w**2 - 20*w - 66. Determine o(-4).
-2
Let w(i) = -i**2 + 12*i + 164. What is w(20)?
4
Let y(i) = i**2 + 9*i + 14. Determine y(-4).
-6
Let v(y) = y**3 + 15*y**2 + 14*y - 3. Determine v(-14).
-3
Let n(s) = 25*s - 274. Calculate n(11).
1
Let b(y) = y**3 + 9*y**2 - 8*y + 9. What is b(-10)?
-11
Let m(n) = n**3 + 7*n**2 - 4*n - 32. Calculate m(-7).
-4
Let t(z) = 20*z - 32. Determine t(6).
88
Let f(r) = -50*r - 1. Determine f(0).
-1
Let g(t) = t - 42. Determine g(13).
-29
Let s(h) = -2*h - 22. Give s(-8).
-6
Let k(a) = -6*a - 249. What is k(-42)?
3
Let c(f) = f**3 + 8*f**2 + 5*f + 2. Determine c(-6).
44
Let m(x) = 6*x**2 + x. Give m(-2).
22
Let t(j) = -5*j + 11. Give t(5).
-14
Let z(m) = -m**2 - 2*m + 10. Calculate z(-7).
-25
Let a(u) = -3*u**2 + u + 8. Determine a(3).
-16
Let b(r) = -4*r + 70. What is b(19)?
-6
Let r(z) = z**2 - 13*z - 7. Determine r(15).
23
Let q(w) = w**3 + 4*w**2 + 21. Calculate q(-5).
-4
Let m(b) = 8*b + 1. Calculate m(2).
17
Let f(i) = 5*i - 84. Give f(17).
1
Let h(f) = f**2 + 7*f + 41. Determine h(-7).
41
Let i(h) = h**2 - 6*h - 41. Give i(0).
-41
Let u(q) = -2*q**3 + 8*q**2 - 10*q + 7. Determine u(2).
3
Let q(r) = -r**3 + 7*r**2 - 11*r. Determine q(2).
-2
Let g(o) = -14*o**3 - 7*o - 3. What is g(-2)?
123
Let b(z) = 24*z - 276. Give b(12).
12
Let l(z) = -4*z + 2. Calculate l(-4).
18
Let q(t) = -3*t + 63. Calculate q(23).
-6
Let i(c) = c**2 + 11*c + 26. Calculate i(-14).
68
Let o(z) = z**2 - 13*z + 33. Calculate o(10).
3
Let z(b) = -12*b - 12. What is z(-1)?
0
Let z(f) = -f - 12. Calculate z(-20).
8
Let n(b) = -b**3 + 9*b**2 - 4*b + 10. Determine n(8).
42
Let l(s) = s**2 - 10*s + 8. Calculate l(3).
-13
Let k(a) = 12*a**2 + 74*a + 15. What is k(-6)?
3
Let k(h) = h**3 + 3*h**2 - 3*h - 1. Calculate k(-4).
-5
Let r(g) = g**3 - 6*g**2 + 10*g - 13. Give r(6).
47
Let h(a) = -2*a + 20. Calculate h(4).
12
Let p(s) = 15*s. Determine p(-5).
-75
Let d(a) = -27*a - 172. Calculate d(-7).
17
Let h(p) = p + 40. Calculate h(0).
40
Let m(p) = p**2 - 7*p + 31. Calculate m(6).
25
Let r(h) = -h**3 - 12*h**2 - 11*h - 7. Determine r(-11).
-7
Let f(q) = -q**3 - 8*q**2 - 7*q - 4. Calculate f(-7).
-4
Let a(c) = c**3 + 6*c**2 - c - 3. Determine a(-6).
3
Let y(p) = -p**2 + 3*p - 26. Give y(6).
-44
Let y(p) = p**2 + 2*p - 5. Give y(0).
-5
Let x(v) = v**2 - 10. Calculate x(3).
-1
Let j(i) = -6*i**2 - 2*i + 1. Calculate j(1).
-7
Let m(g) = g**3 + 6*g**2 + 3*g - 7. Calculate m(-4).
13
Let u(x) = 2*x + 6. What is u(6)?
18
Let k(j) = j**3 - 6*j**2 - 15*j - 11. Give k(8).
-3
Let h(k) = k**3 - 10*k**2 - k + 13. Give h(10).
3
Let c(g) = -g**3 - 8*g**2 - 7*g - 1. Calculate c(-7).
-1
Let g(c) = c**2 - 3*c - 1. Determine g(-6).
53
Let u(l) = 10*l + 9. Give u(-3).
-21
Let d(n) = 11*n + 11. Determine d(-2).
-11
Let y(j) = -j**2 - 17*j - 21. Determine y(-14).
21
Let q(o) = o**2 - 21*o - 27. Give q(21).
-27
Let n(d) = d**2 + 19*d + 33. Determine n(-9).
-57
Let c(h) = -h**3 + 10*h**2 - 12*h - 9. Determine c(9).
-36
Let o(m) = m**3 + 4*m**2 - 5*m + 6. Calculate o(-5).
6
Let f(m) = -m**2 - 7*m - 11. What is f(-7)?
-11
Let w(q) = -5*q + 6. Calculate w(6).
-24
Let w(i) = -12*i + 259. Determine w(21).
7
Let w(a) = 15*a**2 - 6*a - 6. Give w(-1).
15
Let p(q) = -7*q + 11. What is p(4)?
-17
Let k(j) = -j**2 + 6*j - 4. Give k(0).
-4
Let j(s) = s**3 + 3*s**2 + s - 2. Calculate j(-4).
-22
Let g(z) = -12*z + 1. Give g(1).
-11
Let h(z) = -z**3 + 12*z**2 + 29*z + 11. Determine h(14).
25
Let p(q) = 2*q + 39. Calculate p(-9).
21
Let p(i) = -i**3 - 4*i**2 + 5*i. Calculate p(-5).
0
Let z(i) = 35*i**2 + 18*i. What is z(-1)?
17
Let l(z) = 41*z**3 - z**2 + 1. What is l(1)?
41
Let k(m) = -4*m**2 - 5*m - 5. What is k(-2)?
-11
Let s(t) = 14*t - 52. What is s(4)?
4
Let b(m) = -m**3 + 5*m**2 + 7*m + 2. Give b(7).
-47
Let f(c) = 14*c**3 - 2*c - 2. What is f(-1)?
-14
Let g(v) = v**2 - 2*v + 5. Give g(5).
20
Let s(i) = 3*i - 2. Calculate s(2).
4
Let b(o) = -o**2 - 14*o + 54. Give b(-18).
-18
Let l(u) = -u**2 + 18*u - 112. Give l(10).
-32
Let a(r) = -9*r + 90. Calculate a(10).
0
Let p(g) = -g**2 - 10*g - 18. Determine p(-7).
3
Let t(b) = -9*b**2 + 3*b - 1. Give t(1).
-7
Let w(v) = v**2 - 12*v - 11. Determine w(7).
-46
Let k(c) = -6*c**2 + 5*c + 5. Calculate k(3).
-34
Let v(z) = 2*z**2 - 3*z - 1. Give v(3).
8
Let i(b) = 3*b - 3. Determine i(-1).
-6
Let h(u) = u**2 - 13*u - 5. Give h(6).
-47
Let b(u) = -u**2 + 3*u + 28. Give b(7).
0
Let m(u) = 8*u + 68. Calculate m(-11).
-20
Let k(h) = 12*h + 5. What is k(-4)?
-43
Let v(x) = x**2 - 35*x + 96. Calculate v(3).
0
Let a(z) = 2*z - 36. Give a(22).
8
Let p(c) = -c**2 - 9*c - 29. Give p(-4).
-9
Let k(c) = -c**2. Determine k(7).
-49
Let t(h) = h**3 + 7*h**2 - 10*h + 2. Give t(-8).
18
Let z(m) = -m**3 + 3*m**2 - m - 1. What is z(-3)?
56
Let v(q) = 21*q**3 - 2*q + 1. Give v(1).
20
Let n(a) = a**2 - 6*a + 5. Give n(6).
5
Let v(k) = -k + 3. Give v(2).
1
Let h(a) = -a**2 - 23*a - 15. Calculate h(-22).
7
Let m(h) = 2*h**3 - 25*h**2 + 38*h + 12. Calculate m(11).
67
Let i(y) = -14*y + 1. Calculate i(1).
-13
Let n(s) = s**2 + 2*s - 19. Give n(-5).
-4
Let x(b) = -240*b + 2168. Determine x(9).
8
Let p(k) = k**2 - 28*k + 17. Determine p(25).
-58
Let j(v) = v**3 - 11*v**2 - 13*v + 10. What is j(12)?
-2
Let f(b) = -b**3 - 8*b**2 + 9*b + 8. Calculate f(-9).
8
Let c(u) = -13*u - 1. What is c(1)?
-14
Let w(z) = -7*z + 23. Determine w(0).
23
Let u(n) = 3*n**2 - 25*n - 4. Calculate u(8).
-12
Let i(u) = u + 2. Calculate i(8).
10
Let h(b) = -2*b**2 + 14*b - 8. What is h(7)?
-8
Let z(k) = -k**2 - k + 1. What is z(-2)?
-1
Let w(y) = 8*y + 21. Determine w(-5).
-19
Let y(s) = -4*s**3 - 2*s**2 + 1. Give y(1).
-5
Let g(z) = -z**2 - 14*z - 3. Determine g(3).
-54
Let a(f) = f**3 + 4*f**2 - 3*f - 4. Calculate a(-2).
10
Let l(o) = 9*o - 255. What is l(30)?
15
Let n(d) = -4*d**2 - 6*d - 9. Give n(-5).
-79
Let v(m) = -m**3 - 6*m**2 + 5*m - 5. What is v(-7)?
9
Let q(x) = x + 4. Calculate q(-9).
-5
Let j(m) = 5*m - 16. What is j(5)?
9
Let h(u) = -2*u**3 + 5*u**2 + 2*u - 2. What is h(4)?
-42
Let v(q) = -q**3 - 6*q**2 - 3*q - 6. Give v(-5).
-16
Let k(d) = -6*d**2 + 46*d + 9. Calculate k(8).
-7
Let v(t) = -t**2 + 11*t - 17. What is v(9)?
1
Let h(w) = 3*w - 2. Calculate h(3).
7
Let y(c) = c**3 - 16*c**2 + 3*c - 3. Determine y(16).
45
Let y(x) = x**2 + 10*x - 4. What is y(-8)?
-20
Let r(v) = -v**3 + 8*v**2 + 11*v - 35. Give r(8).
53
Let o(y) = -3*y - 42. Give o(5).
-57
Let g(u) = 9*u - 114. Determine g(10).
-24
Let d(l) = -l**2 - 16*l + 15. Calculate d(-18).
-21
Let z(n) = -5*n**2 + n. Determine z(1).
-4
Let a(o) = -o**3 + 5*o**2 + 3*o - 8. Dete